en j is divided by 11?
9
Let q(l) = 2*l**2 - 4*l + 16 + 8*l - 13*l. Suppose -27 - 45 = -4*c. Calculate the remainder when q(7) is divided by c.
15
Suppose -2*u + 199 - 23 = 0. Let n = -45 + 55. Suppose 3*q = -n + u. What is the remainder when q is divided by 9?
8
Let v be -1*4/(-1)*8. Let q = v + -14. Suppose -31*u + 3*d = -29*u - 143, 205 = 3*u + 5*d. Calculate the remainder when u is divided by q.
16
Let u(j) = -j + 1. Let b(h) = 2*h - 5. Let m(d) = -b(d) + 3*u(d). Let x be m(-6). Let t = x - 20. What is the remainder when t is divided by 5?
3
Suppose -3*m + 3*f = -1083, -3*f - 367 = 3*m - 4*m. What is the remainder when m is divided by 60?
58
Calculate the remainder when 37 is divided by 57/(-18)*-3*14/7.
18
Let j = -7 - -11. Suppose -5*q = -j*q - 57. What is the remainder when q is divided by 26 - (9 - 3 - -5)?
12
Let n = -110 + 149. Calculate the remainder when n is divided by 10.
9
Let l(v) = 16*v - 209. Calculate the remainder when 69 is divided by l(15).
7
Calculate the remainder when 68 is divided by 4 + 1 + -4 + 5 + -2.
0
Suppose 0 = -c + 3*m + 34 - 2, -2*c + 5*m = -60. Calculate the remainder when 71 is divided by c.
11
Suppose -4*p + 73 = 3*i, 4*p - i = -0*i + 77. Calculate the remainder when 2480/12*(-51)/(-68) + -4 is divided by p.
18
Let l = 214 + -88. What is the remainder when l is divided by 40?
6
Let i(m) = 29*m + 42. Let k be i(-6). Let q = -89 - k. Calculate the remainder when 81 is divided by q.
38
Let q = 48 + 32. Suppose 0 = 36*c - 17*c - 551. What is the remainder when q is divided by c?
22
Let b(g) = -38*g + 1. Suppose 10 = 19*f - 24*f. Calculate the remainder when b(f) is divided by 21.
14
Let s(x) = 48*x + 5. Let n be s(6). Suppose n = 2*o + 33. Let k = -77 - -110. What is the remainder when o is divided by k?
31
Let w = -261 - -324. Let q be 1/((-69)/(-66) - 1). Suppose -j = -0*j - q. Calculate the remainder when w is divided by j.
19
Suppose 0*r + 32 = 2*r. Suppose 0*f = -2*f + r. Calculate the remainder when ((-66)/f)/(3/(-8)) is divided by 12.
10
Suppose 9570 = -44*c + 30558. What is the remainder when c is divided by 15?
12
Let k be (-306)/(-7) - 2/(-7). Suppose -b + 5*l = 44, 0*l = b - 2*l + k. Let w = -30 - b. Calculate the remainder when 54 is divided by w.
12
Suppose 7*a + 11 = 11. Suppose -6*n + 44 + 10 = a. What is the remainder when (-104)/6*3*-1 is divided by n?
7
Suppose l - 4*s - 1806 = 0, 0 = 2*l - s - 3526 - 121. What is the remainder when l is divided by 59?
56
Suppose -4*k + 14*k = 230. Calculate the remainder when 549 is divided by k.
20
Let z be (-2*(-2)/(-4))/(1/(-191)). Suppose z = 3*i - 5*a, -22 = -4*i - a + 225. What is the remainder when i is divided by 13?
10
Let w = -38 + 46. Suppose -t = 3*i - w - 44, 3*i - t = 50. What is the remainder when 29 is divided by i?
12
Let z(g) = g**3 + 13*g**2 + 17*g + 19. Calculate the remainder when z(-10) is divided by 23.
11
Suppose 2 = -x - 1. Let l(p) = -2*p**3 - 3*p**2 - p + 3. Calculate the remainder when l(x) is divided by (16/(-24) - -1)/(2/72).
9
Let m = 16 + -8. Calculate the remainder when 94 is divided by m.
6
Suppose 95 = 5*l + 5*t, -3*l - t = 4*t - 65. Let b(x) = -4*x + 2. Let d be b(-11). Calculate the remainder when (d + -3)/(-2 + 3) is divided by l.
13
What is the remainder when 299 is divided by (-1284)/(-72)*(-2 + 8)?
85
Suppose q + 0*v - 19 = 5*v, -116 = -5*q + 4*v. Suppose 2*m + 2 = m. What is the remainder when q is divided by m/7 - 372/(-28)?
11
Suppose 0 = -t + g + 8, -2*t - t = g - 16. Let b(r) = r**2 - 7*r + 19. Calculate the remainder when b(t) is divided by 8.
5
What is the remainder when (-7)/(56/32) - (-171)/1 is divided by 21?
20
Let d = 2577 + -1963. Calculate the remainder when d is divided by 8.
6
Suppose -4*l - 95 = -23. Calculate the remainder when (55 - 1)*4/6 is divided by l/(-42) - 260/(-14).
17
Let f = 1 - -13. Suppose 0 = 5*m - 4*h, 3*h = -m - 3*m + 31. Suppose 0*y - 2*y + 58 = 2*q, m*y - 143 = -5*q. What is the remainder when q is divided by f?
13
Suppose 3*q - 171 = -18. What is the remainder when q is divided by 32?
19
Suppose 7*h - 94 = 81. Suppose h = 8*c - 215. Let l = 40 - -47. Calculate the remainder when l is divided by c.
27
Let b(x) = -x**2 - 15*x - 15. Let d be (-150)/(-20) - (-3)/2. Suppose 33 - d = -3*i. Calculate the remainder when b(i) is divided by 11.
8
Let f = 187 - 163. Calculate the remainder when f is divided by 13.
11
Let g(s) = 4 - 3*s**2 + 9*s + 2*s**2 - 5 + 10. What is the remainder when 44 is divided by g(9)?
8
Let t = 515 - 482. What is the remainder when t is divided by 10?
3
Suppose 0 = 2*g + 3*g - 30. Let y(d) = -d**2 + 7*d - 1. Let u be y(g). Suppose v - 6*t - 10 = -t, 25 = u*t. What is the remainder when v is divided by 19?
16
Let z(q) = 2*q**2 + 3*q + 6. Let k be z(6). Let h = k - 52. Let u = -21 + h. What is the remainder when u is divided by 8?
7
Suppose -28*g - 5*k = -23*g - 290, 63 = g + 2*k. Calculate the remainder when 793 is divided by g.
51
Let x(c) = 11*c**2 - 5*c - 12. Calculate the remainder when x(5) is divided by 40.
38
Suppose -33*l + 1532 - 146 = 0. What is the remainder when l is divided by 11?
9
Let i(z) = -z + 18. What is the remainder when 82 is divided by i(-8)?
4
Suppose -10*t = -5*t - 25. Suppose -t*h + 1472 = 11*h. Calculate the remainder when h is divided by 25.
17
Suppose -9 = 5*i + 1. Let m(j) = -5*j - 2. What is the remainder when 13 is divided by m(i)?
5
Let k(l) = l + 13. Let t be k(-7). Suppose -3*i + t = -24. Calculate the remainder when 18 is divided by i.
8
Let r(i) = i**3 - 9*i**2 + 21*i - 33. What is the remainder when 78 is divided by r(7)?
14
Let y be -1*1*(-4)/2. Suppose 4*o = y*r + 6, -3*r - o + 3 = -23. Suppose 0 = -2*u + r*u - 35. Calculate the remainder when 12 is divided by u.
5
Let z(l) = -l**2 + 11*l - 2. Let j be z(10). Suppose 3 = -u + j. Let r(d) = d**2 - 9*d + 13. What is the remainder when r(9) is divided by u?
3
Let b = 1280 + -1197. What is the remainder when 411 is divided by b?
79
Let l(m) = -5*m**3 + 24*m**2 + 141*m + 7. What is the remainder when l(-6) is divided by 37?
32
Let t(w) = w**3 - 26*w**2 + 27*w - 42. Suppose k + 42 = -0*g + g, -3*k = 15. What is the remainder when g is divided by t(25)?
5
Suppose 0 = -u + 2*u - 17. Suppose 10 = -2*b, 5*v = 4*v + 5*b + 35. Suppose -v + 59 = y. Calculate the remainder when y is divided by u.
15
Let n(d) = -d**3 - 8*d**2 - d - 1. Calculate the remainder when n(-8) is divided by (-6)/4*(-36)/27.
1
Suppose -27*b - 9*b + 3204 = 0. Calculate the remainder when 98 is divided by b.
9
Suppose -232*o + 234*o - 41 = -z, 4*o - 117 = 5*z. Calculate the remainder when 86 is divided by o.
17
Let j(t) = 14*t**2 - 48*t - 16. What is the remainder when j(-15) is divided by 133?
130
Suppose 0 = -20*n + 3562 + 1698. Calculate the remainder when n is divided by 81.
20
Let n = -673 - -727. Calculate the remainder when n is divided by 9.
0
Let b be (122*1)/((-10)/5). Let g = 90 + b. What is the remainder when 113 is divided by g?
26
What is the remainder when (-15)/2*480/(-90) is divided by (-2)/7 - 100/(-7)?
12
Let o(d) = 2*d**2 - 47*d - 629. What is the remainder when o(-14) is divided by 25?
21
Let o(b) = -18*b + 9 + 8*b + 11*b. What is the remainder when 77 is divided by o(11)?
17
Let a(r) = r**2 + r. Let c be a(-2). Suppose 0*j = -c*d + 3*j + 45, -15 = -d - j. Let s = -400 - -469. Calculate the remainder when s is divided by d.
15
Suppose 0 = -f - 8 + 15. Let i(k) = k**2 - k + 3. What is the remainder when (0 + 1)/(f/119) is divided by i(0)?
2
Suppose -9*m + 85 + 122 = 0. Calculate the remainder when m is divided by 17.
6
Let v(b) = -b**3 + 8*b**2 + 4*b - 23. What is the remainder when 26 is divided by v(8)?
8
Let h(z) be the first derivative of -5*z**2/2 - 27*z - 5. What is the remainder when 45 is divided by h(-10)?
22
Calculate the remainder when 1965 is divided by (93/(-27) - -3) + 5920/360.
13
Calculate the remainder when 209 is divided by (3 - (11 - 12)) + (2 - -4).
9
Suppose -2*m = -8*m + 18. Suppose 6 = 3*a - 4*d - 11, m*a + 2*d = 23. Calculate the remainder when 20 is divided by a.
6
Let g = -34 + 36. Let u be 0/(g + -5)*1. Suppose 6*d - 3*d - 30 = u. What is the remainder when 58 is divided by d?
8
Let k(c) be the first derivative of c**2/2 + 17*c + 19. What is the remainder when 14 is d